NOAA-Style Climate Reports

Select a Year or Month report
2018: Jan Feb Mar Apr May Jun Jul Aug Sep Oct Nov Dec
2017: Jan Feb Mar Apr May Jun Jul Aug Sep Oct Nov Dec
2016: Jan Feb Mar Apr May Jun Jul Aug Sep Oct Nov Dec
2015: Jan Feb Mar Apr May Jun Jul Aug Sep Oct Nov Dec
2014: Jan Feb Mar Apr May Jun Jul Aug Sep Oct Nov Dec
2013: Jan Feb Mar Apr May Jun Jul Aug Sep Oct Nov Dec

Report for 2018 February
                   Monthly Climatological Summary for Feb 2018

Name: Old Pump Road Wx   City: Jericho   State: Vermont
Elevation: 646 ft  Lat: N 44° 30' 34"   Lon: W 072° 59' 42"

                  Temperature (°F), Rain (in), Wind Speed (mph)

                                      Heat  Cool        Avg
    Mean                              Deg   Deg         Wind                 Dom
Day Temp  High   Time   Low    Time   Days  Days  Rain  Speed High   Time    Dir
----------------------------------------------------------------------------------
 1  32.7  37.3   3:25p  27.5  12:00a  32.3   0.0  0.00   1.7  19.0   8:33a   SSE
 2   7.9  28.0  12:00a  -4.6  11:06p  57.2   0.0  0.00   2.5  18.0  11:39a    NW
 3   8.3  22.3  11:58p -10.7   4:44a  56.7   0.0  3.00   0.6  15.0   7:21p   SSE
 4  29.4  33.1   4:33p  22.2  12:00a  35.6   0.0  0.00   2.1  22.0   9:09a   SSE
 5  18.1  32.1  12:04a   3.1  10:16p  46.9   0.0  0.00   1.5  17.0  12:11p   WNW
 6  17.6  27.6   1:37p   5.1  12:00a  47.4   0.0  0.00   0.7  10.0  10:23a     S
 7  14.9  23.2   3:58p   2.3   3:04a  50.1   0.0  0.02   0.3  11.0  10:01a   SSE
 8  12.7  21.2   2:13p   6.1   8:46p  52.3   0.0  0.00   0.0   0.0  12:00a   ---
 9  15.5  23.7   1:34p   1.4   7:39a  49.5   0.0  0.01   0.2  11.0   4:16p   SSE
10  29.1  38.1   2:23p  22.4  12:00a  35.9   0.0 24.17   0.7  10.0   7:03p   WNW
11  28.3  44.2  10:08p  20.2   3:34a  36.7   0.0 44.75   0.6  13.0  10:31p   WNW
12  27.3  40.7  12:00a  18.2  11:47p  37.8   0.0  0.15   3.3  19.0   4:12a    NW
13  17.5  27.1  11:55p   0.7   7:37a  47.4   0.0  0.00   0.6  14.0  11:40p     S
14  32.4  39.0   1:31p  26.3  11:35p  32.6   0.0  0.01   1.4  18.0   1:01p   SSE
15  38.3  49.6   3:52p  24.7   5:02a  26.7   0.0  0.00   0.7  15.0   2:25p     S
16  32.3  40.5   1:22a  16.4  11:53p  32.7   0.0  0.00   1.4  19.0   3:29p    NW
17  21.5  32.1   1:47p   5.5   4:17a  43.5   0.0  0.00   0.6  12.0   9:55a   SSE
18  28.4  35.7  12:24p  19.8  11:52p  36.6   0.0  0.00   0.2   8.0  11:23a   WNW
19  34.8  44.2   2:39p  18.2  12:58a  30.2   0.0  0.00   1.9  23.0  11:43a   SSE
20  45.5  57.9  11:59p  38.3   1:56a  19.5   0.0  0.00   0.3  11.0   9:57p   ESE
21  52.7  67.1  11:22a  31.6  11:59p  12.5   0.2  7.56   2.8  23.0   3:45p   WNW
22  25.9  31.6  12:00a  16.7  11:44p  39.1   0.0  0.00   0.9   9.0  12:20a    NW
----------------------------------------------------------------------------------
    26.0  67.1    21   -10.7     3   859.2   0.2 79.67   1.1  23.0    19     WSW

Max >=  80.0:  0
Max <=  32.0:  8
Min <=  32.0: 21
Min <=   0.0:  2
Max Rain: 44.75 on day 11
Days of Rain: 8 (>= 0.01 in)  5 (>= 0.10 in)  4 (>= 1.00 in)
Heat Base: 65.0  Cool Base: 65.0  Method: Integration