NOAA-Style Climate Reports


Report for 2019 November
                   Monthly Climatological Summary for Nov 2019

Name: Old Pump Road Wx   City: Jericho   State: Vermont
Elevation: 646 ft  Lat: N 44° 30' 34"   Lon: W 072° 59' 42"

                  Temperature (°F), Rain (in), Wind Speed (mph)

                                      Heat  Cool        Avg
    Mean                              Deg   Deg         Wind                 Dom
Day Temp  High   Time   Low    Time   Days  Days  Rain  Speed High   Time    Dir
----------------------------------------------------------------------------------
 1  45.0  66.2   1:49a  34.0  11:59p  20.0   0.0266.72   3.6  31.0   1:59a     W
 2  34.1  45.0   1:55p  25.2   7:32a  30.9   0.0 88.47   0.3   8.0   5:06p    SW
 3  37.7  43.6   2:01p  30.6  12:00a  28.4   0.0 36.29   0.4  15.0  11:51a     W
 4  40.1  47.8   9:10p  28.1   7:05a  24.7   0.0  0.08   1.2  16.0   8:55p   SSE
 5  47.0  51.6   1:13p  39.1  11:54p  18.0   0.0  0.11   1.6  17.0   1:47a   SSE
 6  36.1  41.8  11:37a  26.9   8:06p  28.9   0.0  0.00   1.5  21.0  10:41a   WNW
 7  33.8  39.9   2:49a  26.2  11:02p  31.2   0.0  0.00   0.7  12.0   2:08a    NW
 8  25.0  27.1   3:07p  21.9  11:59p  40.0   0.0  0.00   2.0  16.0   3:43p   WNW
 9  26.0  33.8   1:19p  11.8   6:58a  39.0   0.0  0.01   1.0  15.0  10:29p   SSE
10  36.8  41.6  11:46a  32.2  12:45a  28.1   0.0  0.11   1.5  15.0   9:31a   SSE
11  26.0  32.3  12:00a  23.0  11:26p  39.0   0.0  0.00   1.1  10.0   2:22a    NW
12  18.7  23.1  12:01a  11.3  11:59p  46.3   0.0  0.00   2.1  19.0   8:32p   WNW
13  10.2  18.7   3:11p   4.3   8:28p  54.8   0.0  0.00   0.8  12.0  12:47a   WNW
14  21.7  31.8  11:48p   6.3  12:00a  43.3   0.0  0.01   0.9  17.0   1:47p   SSE
15  32.1  36.7   3:05p  20.6  11:59p  32.9   0.0  0.03   2.1  21.0   6:29p   WNW
16  13.6  22.8   1:19p   3.1  11:58p  51.4   0.0  0.00   0.6  13.0  12:05a    NW
17  17.6  34.9   1:23p  -0.5   3:02a  47.4   0.0  0.00   0.2   8.0   9:54p     S
18  29.3  39.1  12:01p  17.4   5:22a  35.7   0.0  0.00   0.2   6.0   2:35p    NW
----------------------------------------------------------------------------------
    29.5  66.2     1    -0.5    17   640.0   0.0391.83   1.2  31.0     1       W

Max >=  80.0:  0
Max <=  32.0:  5
Min <=  32.0: 15
Min <=   0.0:  1
Max Rain: 266.72 on day 1
Days of Rain: 9 (>= 0.01 in)  5 (>= 0.10 in)  3 (>= 1.00 in)
Heat Base: 65.0  Cool Base: 65.0  Method: Integration