NOAA-Style Climate Reports


Report for 2019 September
                   Monthly Climatological Summary for Sep 2019

Name: Old Pump Road Wx   City: Jericho   State: Vermont
Elevation: 646 ft  Lat: N 44° 30' 34"   Lon: W 072° 59' 42"

                  Temperature (°F), Rain (in), Wind Speed (mph)

                                      Heat  Cool        Avg
    Mean                              Deg   Deg         Wind                 Dom
Day Temp  High   Time   Low    Time   Days  Days  Rain  Speed High   Time    Dir
----------------------------------------------------------------------------------
 1  59.8  74.0   3:32p  44.7   6:38a   7.2   2.1 32.09   0.3   8.0   1:36p   ESE
 2  47.7  65.7   3:40p -90.0   6:05a  17.4   0.0  0.00   0.4   8.0   9:37a   ESE
 3  59.9  72.0   4:23p  52.4   1:17a   5.9   0.8  3.14   0.2  13.0   5:20a    NW
 4  65.7  77.3   2:52p  56.6  11:59p   2.0   2.7  0.00   1.3  18.0   6:54p     W
 5  56.9  68.8   4:43p  46.1   6:33a   8.5   0.4  0.00   0.3   7.0   1:30p    NW
 6  58.3  73.7   3:07p  46.0   3:18a   8.7   2.0  4.92   0.2   8.0   1:09p    SE
 7  57.0  70.3   2:07p  49.7   5:13a   8.4   0.4  0.00   0.5  11.0   4:07p    NW
 8  56.4  62.4   1:47p  53.3  11:58p   8.6   0.0  0.00   0.9  13.0   9:27a    NW
 9  53.1  64.0   4:24p  43.9  11:59p  11.9   0.0  0.00   0.3   8.0   3:57p    NW
10  58.0  73.3   2:19p  40.0   4:35a   9.2   2.2 27.72   0.4   7.0   1:31p    SE
11  68.9  77.9   4:10p  58.0  11:59p   0.5   4.4  0.00   0.9  12.0   7:32p    NW
12  55.8  64.2   3:26p  42.4  11:57p   9.2   0.0  0.00   0.8  10.0   3:26p   NNW
13  53.7  69.3   3:26p  35.5   5:45a  12.0   0.7 23.33   0.4   9.0   2:47p    SE
14  61.7  68.0   2:11p  57.8   1:00a   3.6   0.3  0.00   1.7  22.0   5:45a    SE
15  59.2  69.0   1:29p  50.6   7:03a   6.2   0.4  0.00   0.8  13.0  12:44p   WNW
16  53.4  64.9   3:31p  44.7   5:39a  11.6   0.0  0.00   0.8  12.0   2:53p    NW
17  50.9  64.2   3:57p  38.9   6:23a  14.1   0.0  0.00   0.7  11.0   1:02p    NW
18  48.8  64.3   3:34p  36.9   6:50a  16.2   0.0  0.00   0.5  10.0   5:14p   NNW
19  48.9  68.8   2:47p  31.3   5:27a  16.6   0.5  0.00   0.2   6.0  11:58a   WNW
20  56.4  74.8   5:15p  40.5   5:59a  10.6   2.1  0.00   0.1   4.0  12:05p   WNW
21  62.3  79.6   4:37p  48.8   5:32a   6.5   3.8  0.00   0.1   5.0  11:44a   NNW
22  66.7  80.3   2:22p  50.9   5:21a   4.5   6.2  0.00   0.3   8.0   1:28p   ESE
23  71.0  74.6   3:23p  61.9  11:48p   0.2   6.2  0.00   0.4   8.0   7:30a   ESE
----------------------------------------------------------------------------------
    57.8  80.3    22   -90.0     2   199.6  35.2 91.20   0.6  22.0    14      NW

Max >=  80.0:  1
Max <=  32.0:  0
Min <=  32.0:  2
Min <=   0.0:  1
Max Rain: 32.09 on day 1
Days of Rain: 5 (>= 0.01 in)  5 (>= 0.10 in)  5 (>= 1.00 in)
Heat Base: 65.0  Cool Base: 65.0  Method: Integration