NOAA-Style Climate Reports


Report for 2020 August
                   Monthly Climatological Summary for Aug 2020

Name: Old Pump Road Wx   City: Jericho   State: Vermont
Elevation: 646 ft  Lat: N 44° 30' 34"   Lon: W 072° 59' 42"

                  Temperature (°F), Rain (in), Wind Speed (mph)

                                      Heat  Cool        Avg
    Mean                              Deg   Deg         Wind                 Dom
Day Temp  High   Time   Low    Time   Days  Days  Rain  Speed High   Time    Dir
----------------------------------------------------------------------------------
 1  70.7  88.3   6:12p  56.2   5:45a   2.3   7.9  0.00   0.5   8.0  12:56p   WNW
 2  71.4  80.5   2:28p  61.2   5:40a   0.8   7.2  0.00   0.7  15.0  11:41p   SSE
 3  70.6  78.4   7:02p  60.5  11:58p   0.3   5.9  0.00   1.3  14.0  10:15a   WNW
 4  64.6  69.4   2:37p  59.0   1:46a   1.7   1.3  0.00   1.0  19.0  10:17p   NNW
 5  67.7  77.4   3:33p  53.4  11:59p   1.1   3.8 11.39   0.9  18.0   5:17p   WNW
 6  62.5  77.4   6:38p  49.7   5:30a   5.6   3.1  0.00   0.8  12.0   1:19p   WNW
 7  65.8  83.7   6:46p  50.4   5:51a   4.6   5.4  0.00   0.3   9.0   3:06p     W
 8  69.1  83.6   4:46p  54.7   6:20a   2.9   7.0  0.00   0.4   8.0  12:32p   WNW
 9  70.2  83.6   4:24p  60.0   5:03a   1.0   6.2  0.00   0.5  11.0   6:09p   WNW
10  72.8  88.4   5:10p  64.7   4:02a   0.0   7.8  0.00   0.3  12.0   7:56p     W
11  75.6  89.1   3:09p  63.5   5:38a   0.2  10.7  0.00   0.9  16.0   8:19p   SSE
12  72.4  83.5   5:09p  60.3  11:58p   0.3   7.7  0.00   0.6   9.0   2:45p   WNW
----------------------------------------------------------------------------------
    69.4  89.1    11    49.7     6    20.8  74.0 11.39   0.7  19.0     4       W

Max >=  80.0:  8
Max <=  32.0:  0
Min <=  32.0:  0
Min <=   0.0:  0
Max Rain: 11.39 on day 5
Days of Rain: 1 (>= 0.01 in)  1 (>= 0.10 in)  1 (>= 1.00 in)
Heat Base: 65.0  Cool Base: 65.0  Method: Integration