NOAA-Style Climate Reports


Report for 2020 March
                   Monthly Climatological Summary for Mar 2020

Name: Old Pump Road Wx   City: Jericho   State: Vermont
Elevation: 646 ft  Lat: N 44° 30' 34"   Lon: W 072° 59' 42"

                  Temperature (°F), Rain (in), Wind Speed (mph)

                                      Heat  Cool        Avg
    Mean                              Deg   Deg         Wind                 Dom
Day Temp  High   Time   Low    Time   Days  Days  Rain  Speed High   Time    Dir
----------------------------------------------------------------------------------
 1  13.7  25.0   3:10p   5.1   4:06a  51.3   0.0  0.00   0.2   8.0   2:13p    NW
 2  30.0  43.2   3:46p   9.3  12:00a  35.0   0.0  0.23   0.7  16.0  12:36p   SSE
 3  43.6  54.7   2:57p  34.6   4:00a  21.4   0.0 38.79   0.4   7.0  12:00p   SSE
 4  37.2  44.0  12:28a  33.0   8:36p  27.8   0.0  0.08   2.0  19.0  10:39a   WNW
 5  34.8  42.4   2:41p  26.2  11:59p  30.2   0.0  0.00   1.2  12.0  11:21a   WNW
 6  33.2  46.1  11:32a  25.7   1:04a  31.8   0.0  0.00   1.1  13.0  12:28p    NW
 7  22.0  30.4   3:27p  15.2  10:45p  43.0   0.0 10.37   1.8  14.0   9:47a   NNW
 8  32.2  46.8   5:05p  16.6  12:00a  31.5   0.0 36.77   0.4   8.0  11:05a     W
 9  47.9  64.0   4:41p  32.8   5:58a  17.1   0.0 24.53   0.6  10.0   3:55p   SSE
10  44.6  54.1  12:30p  34.7  11:58p  20.4   0.0  7.20   1.4  20.0  10:32p     W
11  28.5  34.7  12:00a  23.4  10:33p  36.5   0.0  8.17   1.5  13.0  12:48a    NW
12  34.9  47.4   4:11p  24.0   5:17a  30.1   0.0  0.00   0.7  11.0  11:00p    SE
13  40.9  47.7   4:26p  37.0  11:55p  24.1   0.0  0.24   3.2  24.0   8:59a     S
14  37.2  43.2   3:22p  31.8  11:56p  27.8   0.0  0.00   4.4  24.0  12:53a   WNW
15  22.9  31.8  12:00a  13.6  11:18p  42.1   0.0  0.00   1.8  16.0  12:52p    NW
16  24.3  39.6   5:30p   8.1   5:45a  40.7   0.0  1.43   0.5  13.0   2:44p    SW
17  35.7  39.9  10:22p  29.7   5:01a  29.3   0.0  8.41   1.7  22.0   9:32a     S
18  35.3  44.2   3:17p  25.1   6:04a  29.7   0.0  7.80   0.6  12.0  12:34a   WNW
19  40.9  46.6   3:32p  31.5   2:04a  24.1   0.0  2.82   1.4  14.0  11:31p    SE
20  48.9  62.4   3:37p  37.6  11:58p  16.1   0.0  6.67   2.9  24.0   7:06p    SW
21  25.4  37.6  12:00a  17.7  10:54p  39.6   0.0  0.00   3.4  25.0  12:09a    NW
22  22.7  33.6   3:31p  12.2   7:42a  42.3   0.0  0.01   0.8  13.0  12:03p   NNW
23  28.4  36.8  12:25p  14.9  12:52a  36.6   0.0  0.41   1.2  18.0  11:36a    SE
24  31.1  37.8   5:09p  23.0  11:59p  33.9   0.0  0.01   0.3   7.0  12:20p    NW
25  32.1  46.7   1:29p  15.1   6:19a  32.9   0.0  0.25   0.7  13.0  10:36a    SE
26  41.9  54.5   4:59p  27.7   4:42a  23.1   0.0  0.08   0.8  13.0  12:27p     S
27  38.9  48.4   3:38p  26.1  11:57p  26.1   0.0  1.02   1.8  14.0   5:33p    NW
28  38.6  54.9   3:45p  20.3   5:58a  26.4   0.0  3.07   0.3   7.0   1:46p   SSW
----------------------------------------------------------------------------------
    33.9  64.0     9     5.1     1   870.9   0.0158.36   1.4  25.0    21       W

Max >=  80.0:  0
Max <=  32.0:  3
Min <=  32.0: 22
Min <=   0.0:  0
Max Rain: 38.79 on day 3
Days of Rain: 21 (>= 0.01 in)  17 (>= 0.10 in)  13 (>= 1.00 in)
Heat Base: 65.0  Cool Base: 65.0  Method: Integration