NOAA-Style Climate Reports


Report for 2019
                   Annual Climatological Summary for 2019

Name: Old Pump Road Wx   City: Jericho   State: Vermont
Elevation: 646 ft  Lat: N 44° 30' 34"   Lon: W 072° 59' 42"

                  Temperature (°F), Heat Base: 65.0  Cool Base: 65.0
                          Dep.  Heat  Cool                       Max  Max  Min  Min
        Mean  Mean        From  Deg   Deg                        >=   <=   <=   <=
 YR MO  Max   Min   Mean  Norm  Days  Days  Hi  Date  Low  Date 80.0 32.0 32.0   0.0
------------------------------------------------------------------------------------
 19  1  28.1  -0.2  14.8  -4.2  1555     0 164.0   1 -90.0    1    1   23   31   16
 19  2  32.0   9.1  20.6  -1.4  1246     5 103.4  17  -9.1   27    1   14   27    8
 19  3  38.2  16.0  28.2  -1.8  1137     0  58.4  15  -5.4    8    0    7   29    3
 19  4  52.1  24.5  41.8  -5.2   700     3  72.8  21 -90.0   15    0    0   17    2
 19  5  62.3  41.9  52.2  -3.8   413    16  80.1  19  27.9    9    1    0    1    0
 19  6  75.8  49.4  62.5  -4.5   172    98  87.4  28  37.3    4   10    0    0    0
 19  7  83.9  56.1  70.1  -0.9    36   113  92.8   4  45.5    8   11    0    0    0
 19  8
 19  9
 19 10
 19 11
 19 12
------------------------------------------------------------------------------------
        53.2  28.1  41.5  -3.1  5261   236 164.0 Jan -90.0  Jan   24   44  105   29

                                Precipitation (in)

              Dep.   Max        Days of Rain
              From   Obs.           >=
 YR MO Total  Norm   Day Date 0.01 0.10 1.00
---------------------------------------------
 19  1  2.08 -0.62  1.19  24     6    4    1
 19  2 18.34 16.34  8.79  25    12    7    3
 19  3  1.60 -1.28  0.56  31    11    4    0
 19  4 23.12 20.05  7.40  19    21   13    6
 19  5  2.37 -0.84  1.89   3     4    3    1
 19  6850.38846.62 91.52  18    23   22   22
 19  7279.40275.47122.46   2     8    7    3
 19  8
 19  9
 19 10
 19 11
 19 12
---------------------------------------------
     1177.301155.70122.46  Jul   85   60   36

                                Wind Speed (mph)
                          Dom
 YR MO   Avg.  Hi   Date  Dir
------------------------------
 19  1   0.9  24.0    1     W
 19  2   1.7  34.0   24     W
 19  3   1.3  34.0   10     W
 19  4   1.7  37.0    3   WNW
 19  5   1.1  27.0   20   WNW
 19  6   0.7  25.0   13   WNW
 19  7   0.5  15.0   14    NW
 19  8
 19  9
 19 10
 19 11
 19 12
------------------------------
         1.1  37.0  Apr   WNW